tors of 29233872?
2, 3, 73, 103
What are the prime factors of 438718?
2, 7, 31337
List the prime factors of 4852991.
11, 13, 33937
What are the prime factors of 14159427?
3, 19, 43, 53, 109
List the prime factors of 1186387.
113, 10499
List the prime factors of 429894.
2, 3, 19, 419
What are the prime factors of 219424?
2, 6857
List the prime factors of 77275.
5, 11, 281
What are the prime factors of 215030?
2, 5, 21503
List the prime factors of 2621806.
2, 11, 119173
List the prime factors of 248135.
5, 49627
List the prime factors of 205802.
2, 17, 6053
What are the prime factors of 1102774?
2, 551387
What are the prime factors of 1497418?
2, 13, 57593
List the prime factors of 784266.
2, 3, 7, 71, 263
List the prime factors of 791231.
7, 17, 61, 109
List the prime factors of 8253892.
2, 71, 29063
What are the prime factors of 1989871?
13, 153067
What are the prime factors of 7631172?
2, 3, 2617
List the prime factors of 1792223.
73, 24551
List the prime factors of 14552099.
61, 191, 1249
What are the prime factors of 150987?
3, 50329
What are the prime factors of 5475645?
3, 5, 7, 17383
What are the prime factors of 1054385?
5, 61, 3457
What are the prime factors of 22477?
7, 13, 19
What are the prime factors of 6085793?
7, 869399
List the prime factors of 26918208.
2, 3, 17, 2749
What are the prime factors of 21220339?
7, 389, 7793
What are the prime factors of 223106?
2, 13, 8581
List the prime factors of 437200.
2, 5, 1093
What are the prime factors of 729392?
2, 45587
List the prime factors of 21135554.
2, 11, 87337
What are the prime factors of 991451?
43, 23057
What are the prime factors of 209270?
2, 5, 17, 1231
What are the prime factors of 5709738?
2, 3, 951623
List the prime factors of 438854.
2, 13, 16879
List the prime factors of 2298793.
7, 197, 1667
List the prime factors of 124201.
7, 11, 1613
What are the prime factors of 3489826?
2, 193, 9041
What are the prime factors of 1642756?
2, 181, 2269
List the prime factors of 5902145.
5, 17, 23, 3019
What are the prime factors of 3941973?
3, 7, 20857
List the prime factors of 231776.
2, 7243
List the prime factors of 2936470.
2, 5, 43, 6829
What are the prime factors of 1330146?
2, 3, 73897
List the prime factors of 375862.
2, 187931
What are the prime factors of 311771?
19, 61, 269
List the prime factors of 2425192.
2, 7, 11, 31, 127
What are the prime factors of 179220?
2, 3, 5, 29, 103
What are the prime factors of 148036?
2, 7, 17, 311
List the prime factors of 1162500.
2, 3, 5, 31
What are the prime factors of 7305842?
2, 19, 192259
List the prime factors of 1103269.
41, 71, 379
List the prime factors of 429496.
2, 37, 1451
List the prime factors of 3607409.
13, 277493
List the prime factors of 2054049.
3, 684683
List the prime factors of 5614759.
293, 19163
What are the prime factors of 1282280?
2, 5, 32057
What are the prime factors of 105467?
105467
What are the prime factors of 3870663?
3, 439, 2939
List the prime factors of 8779785.
3, 5, 7, 83617
What are the prime factors of 210330?
2, 3, 5, 19, 41
What are the prime factors of 20527874?
2, 17, 603761
What are the prime factors of 62674?
2, 31337
List the prime factors of 17966448.
2, 3, 4621
List the prime factors of 9186501.
3, 41, 74687
What are the prime factors of 28653047?
223, 128489
List the prime factors of 68475.
3, 5, 11, 83
What are the prime factors of 142359?
3, 7, 6779
What are the prime factors of 11595353?
7, 11, 150589
What are the prime factors of 3421046?
2, 17, 239, 421
What are the prime factors of 26725558?
2, 13362779
What are the prime factors of 1424941?
7, 203563
List the prime factors of 3256487.
13, 250499
List the prime factors of 1019221.
7, 145603
List the prime factors of 32758972.
2, 8189743
List the prime factors of 100354.
2, 50177
What are the prime factors of 373065?
3, 5, 7, 11, 17, 19
What are the prime factors of 74032?
2, 7, 661
List the prime factors of 236171.
13, 37, 491
What are the prime factors of 977980?
2, 5, 107, 457
What are the prime factors of 1865095?
5, 373019
What are the prime factors of 108351?
3, 4013
List the prime factors of 1015162.
2, 53, 61, 157
List the prime factors of 170153.
17, 10009
List the prime factors of 1349109.
3, 29, 1723
List the prime factors of 52917.
3, 31, 569
List the prime factors of 115096.
2, 14387
List the prime factors of 192826.
2, 67, 1439
What are the prime factors of 1082827?
59, 18353
What are the prime factors of 15282630?
2, 3, 5, 11, 43, 359
What are the prime factors of 12865452?
2, 3, 227, 4723
List the prime factors of 5370029.
7, 767147
What are the prime factors of 1816527?
3, 605509
What are the prime factors of 20109544?
2, 7, 13, 23, 1201
List the prime factors of 6581016.
2, 3, 13, 79, 89
What are the prime factors of 1146074?
2, 683, 839
List the prime factors of 138760.
2, 5, 3469
What are the prime factors of 12969029?
199, 65171
List the prime factors of 12047324.
2, 53, 56827
What are the prime factors of 1390906?
2, 11, 17, 3719
What are the prime factors of 542886?
2, 3, 90481
What are the prime factors of 22492057?
7, 3213151
List the prime factors of 1468433.
907, 1619
What are the prime factors of 15149418?
2, 3, 41, 61583
List the prime factors of 151625.
5, 1213
List the prime factors of 23933.
7, 13, 263
List the prime factors of 266537.
47, 53, 107
List the prime factors of 111156.
2, 3, 59, 157
List the prime factors of 350662.
2, 13, 13487
What are the prime factors of 17047686?
2, 3, 149, 19069
List the prime factors of 846701.
157, 5393
List the prime factors of 325654.
2, 7, 3323
What are the prime factors of 142002?
2, 3, 7, 23
List the prime factors of 302120.
2, 5, 7, 13, 83
List the prime factors of 19381302.
2, 3, 379, 947
What are the prime factors of 58761?
3, 6529
List the prime factors of 2253424.
2, 140839
List the prime factors of 1217015.
5, 243403
What are the prime factors of 129363?
3, 13, 31, 107
List the prime factors of 25397.
109, 233
What are the prime factors of 239442?
2, 3, 7, 5701
What are the prime factors of 256952?
2, 32119
List the prime factors of 618167.
11, 56197
List the prime factors of 2203038.
2, 3, 1511
What are the prime factors of 253599?
3, 84533
What are the prime factors of 439345?
5, 87869
What are the prime factors of 75897?
3, 937
List the prime factors of 546320.
2, 5, 6829
List the prime factors of 6924041.
6924041
What are the prime factors of 8561077?
7, 19, 59, 1091
What are the prime factors of 2946256?
2, 89, 2069
What are the prime factors of 992395?
5, 198479
List the prime factors of 1868196.
2, 3, 11, 14153
List the prime factors of 397080.
2, 3, 5, 1103
List the prime factors of 107423.
17, 71, 89
What are the prime factors of 2627144?
2, 13, 25261
List the prime factors of 10057082.
2, 7, 31, 23173
List the prime factors of 10751316.
2, 3, 751, 1193
What are the prime factors of 247648?
2, 71, 109
What are the prime factors of 3494459?
23, 137, 1109
List the prime factors of 149071.
13, 11467
What are the prime factors of 32709?
3, 10903
What are the prime factors of 239924?
2, 59981
What are the prime factors of 4834116?
2, 3, 7, 19183
What are the prime factors of 95693?
13, 17, 433
List the prime factors of 187985.
5, 7, 41, 131
List the prime factors of 306233.
373, 821
List the prime factors of 11033005.
5, 2206601
List the prime factors of 22225312.
2, 694541
What are the prime factors of 217745?
5, 11, 37, 107
List the prime factors of 2034880.
2, 5, 6359
What are the prime factors of 4130248?
2, 23, 22447
List the prime factors of 28620664.
2, 59, 60637
List the prime factors of 420813.
3, 46757
What are the prime factors of 759312?
2, 3, 5273
What are the prime factors of 6291172?
2, 107, 14699
List the prime factors of 4395188.
2, 7, 156971
What are the prime factors of 15155?
5, 7, 433
What are the prime factors of 25389673?
3607, 7039
What are the prime factors of 7432383?
3, 7, 17, 109, 191
List the prime factors of 243429.
3, 53, 1531
What are the prime factors of 85656?
2, 3, 43, 83
List the prime factors of 250565.
5, 7, 7159
List the prime factors of 5245546.
2, 2622773
What are the prime factors of 12541241?
1597, 7853
What are the prime factors of 1865127?
3, 11, 56519
List the prime factors of 114423.
3, 43, 887
Lis